{"id":1693,"date":"2023-10-19T02:29:44","date_gmt":"2023-10-19T00:29:44","guid":{"rendered":"https:\/\/www.kairosquartett.com\/?post_type=andere-stimmen&#038;p=1693"},"modified":"2023-10-19T02:29:45","modified_gmt":"2023-10-19T00:29:45","slug":"gare-du-nord-14-1-2017","status":"publish","type":"andere-stimmen","link":"https:\/\/www.kairosquartett.de\/en\/other-reviews\/gare-du-nord-14-1-2017\/","title":{"rendered":"Gare du Nord, 14.1.2017"},"content":{"rendered":"\n<p>Euer Konzert bei IGNM Basel war ein wunderbar dichter Abend &#8211; Euer Spiel, diese intensiven Kl\u00e4nge &#8211; es wirkt noch immer nach.<br>Habt vielen Dank, dass Ihr zu uns gekommen seid, Danke f\u00fcr dieses besondere Programm! Die Konzentration w\u00e4hrend des Konzerts, die ich im Publikum sp\u00fcrte, hat mir wieder einmal best\u00e4tigt, dass Herausforderungen gesch\u00e4tzt werden &#8211; der Abend war sicherlich anspruchsvoll f\u00fcr viele Besucher, aber Eure Interpretationen zogen einen in den Bann.<em><br>Lukas Langlotz (Co-Pr\u00e4sident der IGNM Basel)<\/em><\/p>\n","protected":false},"excerpt":{"rendered":"<p>Euer Konzert bei IGNM Basel war ein wunderbar dichter Abend &#8211; Euer Spiel, diese intensiven Kl\u00e4nge &#8211; es wirkt noch immer nach.Habt vielen Dank, dass Ihr zu uns gekommen seid,&hellip;<\/p>\n","protected":false},"featured_media":0,"menu_order":0,"template":"","class_list":["post-1693","andere-stimmen","type-andere-stimmen","status-publish","hentry","no-post-thumbnail"],"acf":[],"yoast_head":"<!-- This site is optimized with the Yoast SEO plugin v27.5 - https:\/\/yoast.com\/product\/yoast-seo-wordpress\/ -->\n<title>Gare du Nord, 14.1.2017 &#8226; Kairos Quartett<\/title>\n<meta name=\"robots\" content=\"index, follow, max-snippet:-1, max-image-preview:large, max-video-preview:-1\" \/>\n<link rel=\"canonical\" href=\"https:\/\/www.kairosquartett.de\/en\/other-reviews\/gare-du-nord-14-1-2017\/\" \/>\n<meta property=\"og:locale\" content=\"en_US\" \/>\n<meta property=\"og:type\" content=\"article\" \/>\n<meta property=\"og:title\" content=\"Gare du Nord, 14.1.2017 &#8226; Kairos Quartett\" \/>\n<meta property=\"og:description\" content=\"Euer Konzert bei IGNM Basel war ein wunderbar dichter Abend &#8211; Euer Spiel, diese intensiven Kl\u00e4nge &#8211; es wirkt noch immer nach.Habt vielen Dank, dass Ihr zu uns gekommen seid,&hellip;\" \/>\n<meta property=\"og:url\" content=\"https:\/\/www.kairosquartett.de\/en\/other-reviews\/gare-du-nord-14-1-2017\/\" \/>\n<meta property=\"og:site_name\" content=\"Kairos Quartett\" \/>\n<meta property=\"article:publisher\" content=\"https:\/\/www.facebook.com\/people\/Kairos-Quartett\/100083232457507\/\" \/>\n<meta property=\"article:modified_time\" content=\"2023-10-19T00:29:45+00:00\" \/>\n<meta name=\"twitter:card\" content=\"summary_large_image\" \/>\n<script type=\"application\/ld+json\" class=\"yoast-schema-graph\">{\"@context\":\"https:\\\/\\\/schema.org\",\"@graph\":[{\"@type\":\"WebPage\",\"@id\":\"https:\\\/\\\/www.kairosquartett.de\\\/en\\\/other-reviews\\\/gare-du-nord-14-1-2017\\\/\",\"url\":\"https:\\\/\\\/www.kairosquartett.de\\\/en\\\/other-reviews\\\/gare-du-nord-14-1-2017\\\/\",\"name\":\"Gare du Nord, 14.1.2017 &#8226; Kairos Quartett\",\"isPartOf\":{\"@id\":\"https:\\\/\\\/www.kairosquartett.de\\\/en\\\/#website\"},\"datePublished\":\"2023-10-19T00:29:44+00:00\",\"dateModified\":\"2023-10-19T00:29:45+00:00\",\"breadcrumb\":{\"@id\":\"https:\\\/\\\/www.kairosquartett.de\\\/en\\\/other-reviews\\\/gare-du-nord-14-1-2017\\\/#breadcrumb\"},\"inLanguage\":\"en-US\",\"potentialAction\":[{\"@type\":\"ReadAction\",\"target\":[\"https:\\\/\\\/www.kairosquartett.de\\\/en\\\/other-reviews\\\/gare-du-nord-14-1-2017\\\/\"]}]},{\"@type\":\"BreadcrumbList\",\"@id\":\"https:\\\/\\\/www.kairosquartett.de\\\/en\\\/other-reviews\\\/gare-du-nord-14-1-2017\\\/#breadcrumb\",\"itemListElement\":[{\"@type\":\"ListItem\",\"position\":1,\"name\":\"Startseite\",\"item\":\"https:\\\/\\\/www.kairosquartett.de\\\/en\\\/welcome\\\/\"},{\"@type\":\"ListItem\",\"position\":2,\"name\":\"Andere Stimmen\",\"item\":\"https:\\\/\\\/www.kairosquartett.de\\\/en\\\/other-reviews\\\/\"},{\"@type\":\"ListItem\",\"position\":3,\"name\":\"Gare du Nord, 14.1.2017\"}]},{\"@type\":\"WebSite\",\"@id\":\"https:\\\/\\\/www.kairosquartett.de\\\/en\\\/#website\",\"url\":\"https:\\\/\\\/www.kairosquartett.de\\\/en\\\/\",\"name\":\"Kairos Quartett\",\"description\":\"Official website of the Kairos Quartett, a professional quartet specialised in contemporary music based in Berlin, Germany.\",\"publisher\":{\"@id\":\"https:\\\/\\\/www.kairosquartett.de\\\/en\\\/#organization\"},\"potentialAction\":[{\"@type\":\"SearchAction\",\"target\":{\"@type\":\"EntryPoint\",\"urlTemplate\":\"https:\\\/\\\/www.kairosquartett.de\\\/en\\\/?s={search_term_string}\"},\"query-input\":{\"@type\":\"PropertyValueSpecification\",\"valueRequired\":true,\"valueName\":\"search_term_string\"}}],\"inLanguage\":\"en-US\"},{\"@type\":\"Organization\",\"@id\":\"https:\\\/\\\/www.kairosquartett.de\\\/en\\\/#organization\",\"name\":\"Kairos Quartett\",\"url\":\"https:\\\/\\\/www.kairosquartett.de\\\/en\\\/\",\"logo\":{\"@type\":\"ImageObject\",\"inLanguage\":\"en-US\",\"@id\":\"https:\\\/\\\/www.kairosquartett.de\\\/en\\\/#\\\/schema\\\/logo\\\/image\\\/\",\"url\":\"https:\\\/\\\/www.kairosquartett.com\\\/wp-content\\\/uploads\\\/2023\\\/10\\\/cropped-kq-logo-512px.jpg\",\"contentUrl\":\"https:\\\/\\\/www.kairosquartett.com\\\/wp-content\\\/uploads\\\/2023\\\/10\\\/cropped-kq-logo-512px.jpg\",\"width\":512,\"height\":512,\"caption\":\"Kairos Quartett\"},\"image\":{\"@id\":\"https:\\\/\\\/www.kairosquartett.de\\\/en\\\/#\\\/schema\\\/logo\\\/image\\\/\"},\"sameAs\":[\"https:\\\/\\\/www.facebook.com\\\/people\\\/Kairos-Quartett\\\/100083232457507\\\/\"]}]}<\/script>\n<!-- \/ Yoast SEO plugin. -->","yoast_head_json":{"title":"Gare du Nord, 14.1.2017 &#8226; Kairos Quartett","robots":{"index":"index","follow":"follow","max-snippet":"max-snippet:-1","max-image-preview":"max-image-preview:large","max-video-preview":"max-video-preview:-1"},"canonical":"https:\/\/www.kairosquartett.de\/en\/other-reviews\/gare-du-nord-14-1-2017\/","og_locale":"en_US","og_type":"article","og_title":"Gare du Nord, 14.1.2017 &#8226; Kairos Quartett","og_description":"Euer Konzert bei IGNM Basel war ein wunderbar dichter Abend &#8211; Euer Spiel, diese intensiven Kl\u00e4nge &#8211; es wirkt noch immer nach.Habt vielen Dank, dass Ihr zu uns gekommen seid,&hellip;","og_url":"https:\/\/www.kairosquartett.de\/en\/other-reviews\/gare-du-nord-14-1-2017\/","og_site_name":"Kairos Quartett","article_publisher":"https:\/\/www.facebook.com\/people\/Kairos-Quartett\/100083232457507\/","article_modified_time":"2023-10-19T00:29:45+00:00","twitter_card":"summary_large_image","schema":{"@context":"https:\/\/schema.org","@graph":[{"@type":"WebPage","@id":"https:\/\/www.kairosquartett.de\/en\/other-reviews\/gare-du-nord-14-1-2017\/","url":"https:\/\/www.kairosquartett.de\/en\/other-reviews\/gare-du-nord-14-1-2017\/","name":"Gare du Nord, 14.1.2017 &#8226; Kairos Quartett","isPartOf":{"@id":"https:\/\/www.kairosquartett.de\/en\/#website"},"datePublished":"2023-10-19T00:29:44+00:00","dateModified":"2023-10-19T00:29:45+00:00","breadcrumb":{"@id":"https:\/\/www.kairosquartett.de\/en\/other-reviews\/gare-du-nord-14-1-2017\/#breadcrumb"},"inLanguage":"en-US","potentialAction":[{"@type":"ReadAction","target":["https:\/\/www.kairosquartett.de\/en\/other-reviews\/gare-du-nord-14-1-2017\/"]}]},{"@type":"BreadcrumbList","@id":"https:\/\/www.kairosquartett.de\/en\/other-reviews\/gare-du-nord-14-1-2017\/#breadcrumb","itemListElement":[{"@type":"ListItem","position":1,"name":"Startseite","item":"https:\/\/www.kairosquartett.de\/en\/welcome\/"},{"@type":"ListItem","position":2,"name":"Andere Stimmen","item":"https:\/\/www.kairosquartett.de\/en\/other-reviews\/"},{"@type":"ListItem","position":3,"name":"Gare du Nord, 14.1.2017"}]},{"@type":"WebSite","@id":"https:\/\/www.kairosquartett.de\/en\/#website","url":"https:\/\/www.kairosquartett.de\/en\/","name":"Kairos Quartett","description":"Official website of the Kairos Quartett, a professional quartet specialised in contemporary music based in Berlin, Germany.","publisher":{"@id":"https:\/\/www.kairosquartett.de\/en\/#organization"},"potentialAction":[{"@type":"SearchAction","target":{"@type":"EntryPoint","urlTemplate":"https:\/\/www.kairosquartett.de\/en\/?s={search_term_string}"},"query-input":{"@type":"PropertyValueSpecification","valueRequired":true,"valueName":"search_term_string"}}],"inLanguage":"en-US"},{"@type":"Organization","@id":"https:\/\/www.kairosquartett.de\/en\/#organization","name":"Kairos Quartett","url":"https:\/\/www.kairosquartett.de\/en\/","logo":{"@type":"ImageObject","inLanguage":"en-US","@id":"https:\/\/www.kairosquartett.de\/en\/#\/schema\/logo\/image\/","url":"https:\/\/www.kairosquartett.com\/wp-content\/uploads\/2023\/10\/cropped-kq-logo-512px.jpg","contentUrl":"https:\/\/www.kairosquartett.com\/wp-content\/uploads\/2023\/10\/cropped-kq-logo-512px.jpg","width":512,"height":512,"caption":"Kairos Quartett"},"image":{"@id":"https:\/\/www.kairosquartett.de\/en\/#\/schema\/logo\/image\/"},"sameAs":["https:\/\/www.facebook.com\/people\/Kairos-Quartett\/100083232457507\/"]}]}},"_links":{"self":[{"href":"https:\/\/www.kairosquartett.de\/en\/wp-json\/wp\/v2\/andere-stimmen\/1693","targetHints":{"allow":["GET"]}}],"collection":[{"href":"https:\/\/www.kairosquartett.de\/en\/wp-json\/wp\/v2\/andere-stimmen"}],"about":[{"href":"https:\/\/www.kairosquartett.de\/en\/wp-json\/wp\/v2\/types\/andere-stimmen"}],"wp:attachment":[{"href":"https:\/\/www.kairosquartett.de\/en\/wp-json\/wp\/v2\/media?parent=1693"}],"curies":[{"name":"wp","href":"https:\/\/api.w.org\/{rel}","templated":true}]}}

<p>Euer Konzert bei IGNM Basel war ein wunderbar dichter Abend &#8211; Euer Spiel, diese intensiven Klänge &#8211; es wirkt noch immer nach.<br>Habt vielen Dank, dass Ihr zu uns gekommen seid, Danke für dieses besondere Programm! Die Konzentration während des Konzerts, die ich im Publikum spürte, hat mir wieder einmal bestätigt, dass Herausforderungen geschätzt werden &#8211; der Abend war sicherlich anspruchsvoll für viele Besucher, aber Eure Interpretationen zogen einen in den Bann.<em><br>Lukas Langlotz (Co-Präsident der IGNM Basel)</em></p>

<p>Euer Konzert bei IGNM Basel war ein wunderbar dichter Abend &#8211; Euer Spiel, diese intensiven Klänge &#8211; es wirkt noch immer nach.Habt vielen Dank, dass Ihr zu uns gekommen seid,&hellip;</p>

<!-- This site is optimized with the Yoast SEO plugin v27.5 - https://yoast.com/product/yoast-seo-wordpress/ -->
<title>Gare du Nord, 14.1.2017 &#8226; Kairos Quartett</title>
<meta name="robots" content="index, follow, max-snippet:-1, max-image-preview:large, max-video-preview:-1" />
<link rel="canonical" href="https://www.kairosquartett.de/en/other-reviews/gare-du-nord-14-1-2017/" />
<meta property="og:locale" content="en_US" />
<meta property="og:type" content="article" />
<meta property="og:title" content="Gare du Nord, 14.1.2017 &#8226; Kairos Quartett" />
<meta property="og:description" content="Euer Konzert bei IGNM Basel war ein wunderbar dichter Abend &#8211; Euer Spiel, diese intensiven Klänge &#8211; es wirkt noch immer nach.Habt vielen Dank, dass Ihr zu uns gekommen seid,&hellip;" />
<meta property="og:url" content="https://www.kairosquartett.de/en/other-reviews/gare-du-nord-14-1-2017/" />
<meta property="og:site_name" content="Kairos Quartett" />
<meta property="article:publisher" content="https://www.facebook.com/people/Kairos-Quartett/100083232457507/" />
<meta property="article:modified_time" content="2023-10-19T00:29:45+00:00" />
<meta name="twitter:card" content="summary_large_image" />
<script type="application/ld+json" class="yoast-schema-graph">{"@context":"https:\/\/schema.org","@graph":[{"@type":"WebPage","@id":"https:\/\/www.kairosquartett.de\/en\/other-reviews\/gare-du-nord-14-1-2017\/","url":"https:\/\/www.kairosquartett.de\/en\/other-reviews\/gare-du-nord-14-1-2017\/","name":"Gare du Nord, 14.1.2017 &#8226; Kairos Quartett","isPartOf":{"@id":"https:\/\/www.kairosquartett.de\/en\/#website"},"datePublished":"2023-10-19T00:29:44+00:00","dateModified":"2023-10-19T00:29:45+00:00","breadcrumb":{"@id":"https:\/\/www.kairosquartett.de\/en\/other-reviews\/gare-du-nord-14-1-2017\/#breadcrumb"},"inLanguage":"en-US","potentialAction":[{"@type":"ReadAction","target":["https:\/\/www.kairosquartett.de\/en\/other-reviews\/gare-du-nord-14-1-2017\/"]}]},{"@type":"BreadcrumbList","@id":"https:\/\/www.kairosquartett.de\/en\/other-reviews\/gare-du-nord-14-1-2017\/#breadcrumb","itemListElement":[{"@type":"ListItem","position":1,"name":"Startseite","item":"https:\/\/www.kairosquartett.de\/en\/welcome\/"},{"@type":"ListItem","position":2,"name":"Andere Stimmen","item":"https:\/\/www.kairosquartett.de\/en\/other-reviews\/"},{"@type":"ListItem","position":3,"name":"Gare du Nord, 14.1.2017"}]},{"@type":"WebSite","@id":"https:\/\/www.kairosquartett.de\/en\/#website","url":"https:\/\/www.kairosquartett.de\/en\/","name":"Kairos Quartett","description":"Official website of the Kairos Quartett, a professional quartet specialised in contemporary music based in Berlin, Germany.","publisher":{"@id":"https:\/\/www.kairosquartett.de\/en\/#organization"},"potentialAction":[{"@type":"SearchAction","target":{"@type":"EntryPoint","urlTemplate":"https:\/\/www.kairosquartett.de\/en\/?s={search_term_string}"},"query-input":{"@type":"PropertyValueSpecification","valueRequired":true,"valueName":"search_term_string"}}],"inLanguage":"en-US"},{"@type":"Organization","@id":"https:\/\/www.kairosquartett.de\/en\/#organization","name":"Kairos Quartett","url":"https:\/\/www.kairosquartett.de\/en\/","logo":{"@type":"ImageObject","inLanguage":"en-US","@id":"https:\/\/www.kairosquartett.de\/en\/#\/schema\/logo\/image\/","url":"https:\/\/www.kairosquartett.com\/wp-content\/uploads\/2023\/10\/cropped-kq-logo-512px.jpg","contentUrl":"https:\/\/www.kairosquartett.com\/wp-content\/uploads\/2023\/10\/cropped-kq-logo-512px.jpg","width":512,"height":512,"caption":"Kairos Quartett"},"image":{"@id":"https:\/\/www.kairosquartett.de\/en\/#\/schema\/logo\/image\/"},"sameAs":["https:\/\/www.facebook.com\/people\/Kairos-Quartett\/100083232457507\/"]}]}</script>
<!-- / Yoast SEO plugin. -->

Euer Konzert bei IGNM Basel war ein wunderbar dichter Abend &#8211; Euer Spiel, diese intensiven Klänge &#8211; es wirkt noch immer nach.Habt vielen Dank, dass Ihr zu uns gekommen seid,&hellip;
